CRAN Package Check Results for Package DescriptiveStats.OBeu

Last updated on 2021-10-25 01:48:44 CEST.

Flavor Version Tinstall Tcheck Ttotal Status Flags
r-devel-linux-x86_64-debian-clang 1.3.2 2.47 29.95 32.42 OK
r-devel-linux-x86_64-debian-gcc 1.3.2 1.94 23.01 24.95 OK
r-devel-linux-x86_64-fedora-clang 1.3.2 50.37 NOTE
r-devel-linux-x86_64-fedora-gcc 1.3.2 39.13 NOTE
r-devel-windows-x86_64 1.3.2 5.00 61.00 66.00 OK
r-devel-windows-x86_64-gcc10-UCRT 1.3.2 NOTE
r-patched-linux-x86_64 1.3.2 2.83 30.01 32.84 OK
r-patched-solaris-x86 1.3.2 58.60 NOTE
r-release-linux-x86_64 1.3.2 2.53 29.84 32.37 OK
r-release-macos-arm64 1.3.2 NOTE
r-release-macos-x86_64 1.3.2 NOTE
r-release-windows-ix86+x86_64 1.3.2 5.00 50.00 55.00 OK
r-oldrel-macos-x86_64 1.3.2 NOTE
r-oldrel-windows-ix86+x86_64 1.3.2 6.00 50.00 56.00 OK

Check Details

Version: 1.3.2
Check: data for non-ASCII characters
Result: NOTE
     Note: found 5764 marked UTF-8 strings
Flavors: r-devel-linux-x86_64-fedora-clang, r-devel-linux-x86_64-fedora-gcc, r-devel-windows-x86_64-gcc10-UCRT, r-patched-solaris-x86, r-release-macos-arm64, r-release-macos-x86_64, r-oldrel-macos-x86_64