CRAN Package Check Results for Package DetR

Last updated on 2021-09-27 19:50:16 CEST.

Flavor Version Tinstall Tcheck Ttotal Status Flags
r-devel-linux-x86_64-debian-clang 0.0.5 60.74 39.11 99.85 OK
r-devel-linux-x86_64-debian-gcc 0.0.5 41.99 32.39 74.38 OK
r-devel-linux-x86_64-fedora-clang 0.0.5 141.83 NOTE
r-devel-linux-x86_64-fedora-gcc 0.0.5 121.91 OK
r-devel-windows-x86_64 0.0.5 47.00 51.00 98.00 OK
r-devel-windows-x86_64-gcc10-UCRT 0.0.5 OK
r-patched-linux-x86_64 0.0.5 52.58 40.23 92.81 OK
r-patched-solaris-x86 0.0.5 113.90 OK
r-release-linux-x86_64 0.0.5 48.46 40.70 89.16 OK
r-release-macos-arm64 0.0.5 NOTE
r-release-macos-x86_64 0.0.5 NOTE
r-release-windows-ix86+x86_64 0.0.5 116.00 81.00 197.00 OK
r-oldrel-macos-x86_64 0.0.5 NOTE
r-oldrel-windows-ix86+x86_64 0.0.5 82.00 64.00 146.00 OK

Check Details

Version: 0.0.5
Check: installed package size
Result: NOTE
     installed size is 17.6Mb
     sub-directories of 1Mb or more:
     libs 16.8Mb
Flavors: r-devel-linux-x86_64-fedora-clang, r-release-macos-arm64, r-release-macos-x86_64, r-oldrel-macos-x86_64