CRAN Package Check Results for Package Dire

Last updated on 2021-09-19 07:50:14 CEST.

Flavor Version Tinstall Tcheck Ttotal Status Flags
r-devel-linux-x86_64-debian-clang 1.0.3 47.63 276.59 324.22 OK
r-devel-linux-x86_64-debian-gcc 1.0.3 30.59 188.60 219.19 OK
r-devel-linux-x86_64-fedora-clang 1.0.3 391.77 OK
r-devel-linux-x86_64-fedora-gcc 1.0.3 354.62 OK
r-devel-windows-x86_64 1.0.3 40.00 253.00 293.00 OK
r-devel-windows-x86_64-gcc10-UCRT 1.0.3 ERROR
r-patched-linux-x86_64 1.0.3 38.57 256.22 294.79 OK
r-patched-solaris-x86 1.0.3 470.10 OK
r-release-linux-x86_64 1.0.3 38.73 256.11 294.84 OK
r-release-macos-arm64 1.0.3 OK
r-release-macos-x86_64 1.0.3 OK
r-release-windows-ix86+x86_64 1.0.3 100.00 555.00 655.00 OK
r-oldrel-macos-x86_64 1.0.3 OK
r-oldrel-windows-ix86+x86_64 1.0.3 100.00 554.00 654.00 OK

Check Details

Version: 1.0.3
Check: whether package can be installed
Result: ERROR
    Installation failed.
Flavor: r-devel-windows-x86_64-gcc10-UCRT