CRAN Package Check Results for Package DiscreteQvalue

Last updated on 2024-04-23 10:54:00 CEST.

Flavor Version Tinstall Tcheck Ttotal Status Flags
r-devel-linux-x86_64-debian-clang 1.1 1.45 22.47 23.92 NOTE
r-devel-linux-x86_64-debian-gcc 1.1 1.75 17.85 19.60 NOTE
r-devel-linux-x86_64-fedora-clang 1.1 32.22 NOTE
r-devel-linux-x86_64-fedora-gcc 1.1 30.43 NOTE
r-prerel-macos-arm64 1.1 15.00 NOTE
r-prerel-windows-x86_64 1.1 2.00 40.00 42.00 NOTE
r-patched-linux-x86_64 1.1 1.52 22.15 23.67 NOTE
r-release-linux-x86_64 1.1 1.75 21.97 23.72 NOTE
r-release-macos-arm64 1.1 14.00 NOTE
r-release-macos-x86_64 1.1 18.00 NOTE
r-release-windows-x86_64 1.1 3.00 41.00 44.00 NOTE
r-oldrel-macos-arm64 1.1 15.00 NOTE
r-oldrel-windows-x86_64 1.1 4.00 43.00 47.00 NOTE

Check Details

Version: 1.1
Check: LazyData
Result: NOTE 'LazyData' is specified without a 'data' directory Flavors: r-devel-linux-x86_64-debian-clang, r-devel-linux-x86_64-debian-gcc, r-devel-linux-x86_64-fedora-clang, r-devel-linux-x86_64-fedora-gcc, r-prerel-macos-arm64, r-prerel-windows-x86_64, r-patched-linux-x86_64, r-release-linux-x86_64, r-release-macos-arm64, r-release-macos-x86_64, r-release-windows-x86_64, r-oldrel-macos-arm64, r-oldrel-windows-x86_64