CRAN Package Check Results for Package DtD

Last updated on 2021-10-25 16:49:07 CEST.

Flavor Version Tinstall Tcheck Ttotal Status Flags
r-devel-linux-x86_64-debian-clang 0.2.2 75.14 54.99 130.13 NOTE
r-devel-linux-x86_64-debian-gcc 0.2.2 57.87 42.25 100.12 NOTE
r-devel-linux-x86_64-fedora-clang 0.2.2 216.77 NOTE
r-devel-linux-x86_64-fedora-gcc 0.2.2 186.54 NOTE
r-devel-windows-x86_64 0.2.2 114.00 113.00 227.00 NOTE
r-devel-windows-x86_64-gcc10-UCRT 0.2.2 NOTE
r-patched-linux-x86_64 0.2.2 71.45 52.79 124.24 NOTE
r-patched-solaris-x86 0.2.2 196.70 NOTE
r-release-linux-x86_64 0.2.2 71.07 52.52 123.59 NOTE
r-release-macos-arm64 0.2.2 NOTE
r-release-macos-x86_64 0.2.2 NOTE
r-release-windows-ix86+x86_64 0.2.2 159.00 146.00 305.00 NOTE
r-oldrel-macos-x86_64 0.2.2 OK
r-oldrel-windows-ix86+x86_64 0.2.2 220.00 149.00 369.00 OK

Check Details

Version: 0.2.2
Check: LazyData
Result: NOTE
     'LazyData' is specified without a 'data' directory
Flavors: r-devel-linux-x86_64-debian-clang, r-devel-linux-x86_64-debian-gcc, r-devel-linux-x86_64-fedora-clang, r-devel-linux-x86_64-fedora-gcc, r-devel-windows-x86_64, r-devel-windows-x86_64-gcc10-UCRT, r-patched-linux-x86_64, r-patched-solaris-x86, r-release-linux-x86_64, r-release-macos-arm64, r-release-macos-x86_64, r-release-windows-ix86+x86_64