Last updated on 2023-12-01 21:54:03 CET.
Flavor | Version | Tinstall | Tcheck | Ttotal | Status | Flags |
---|---|---|---|---|---|---|
r-devel-linux-x86_64-debian-clang | 0.1.0 | 15.42 | 122.05 | 137.47 | OK | |
r-devel-linux-x86_64-debian-gcc | 0.1.0 | 10.57 | 90.32 | 100.89 | OK | |
r-devel-linux-x86_64-fedora-clang | 0.1.0 | 165.80 | NOTE | |||
r-devel-linux-x86_64-fedora-gcc | 0.1.0 | 158.45 | NOTE | |||
r-devel-windows-x86_64 | 0.1.0 | 12.00 | 104.00 | 116.00 | OK | |
r-patched-linux-x86_64 | 0.1.0 | 12.62 | 115.59 | 128.21 | OK | |
r-release-linux-x86_64 | 0.1.0 | 9.70 | 114.77 | 124.47 | OK | |
r-release-macos-arm64 | 0.1.0 | 53.00 | OK | |||
r-release-macos-x86_64 | 0.1.0 | 84.00 | OK | |||
r-release-windows-x86_64 | 0.1.0 | 17.00 | 120.00 | 137.00 | OK | |
r-oldrel-macos-arm64 | 0.1.0 | 48.00 | NOTE | |||
r-oldrel-macos-x86_64 | 0.1.0 | 67.00 | NOTE | |||
r-oldrel-windows-x86_64 | 0.1.0 | 18.00 | 126.00 | 144.00 | OK |
Version: 0.1.0
Check: dependencies in R code
Result: NOTE
Namespaces in Imports field not imported from:
‘reticulate’ ‘tensorflow’
All declared Imports should be used.
Flavors: r-devel-linux-x86_64-fedora-clang, r-devel-linux-x86_64-fedora-gcc, r-oldrel-macos-arm64, r-oldrel-macos-x86_64