CRAN Package Check Results for Package EGRET

Last updated on 2021-09-19 16:48:53 CEST.

Flavor Version Tinstall Tcheck Ttotal Status Flags
r-devel-linux-x86_64-debian-clang 3.0.6 11.17 189.55 200.72 OK
r-devel-linux-x86_64-debian-gcc 3.0.6 8.80 138.32 147.12 OK
r-devel-linux-x86_64-fedora-clang 3.0.6 252.80 OK
r-devel-linux-x86_64-fedora-gcc 3.0.6 235.20 OK
r-devel-windows-x86_64 3.0.6 14.00 178.00 192.00 OK
r-devel-windows-x86_64-gcc10-UCRT 3.0.6 ERROR
r-patched-linux-x86_64 3.0.6 16.17 181.89 198.06 OK
r-patched-solaris-x86 3.0.6 209.00 OK
r-release-linux-x86_64 3.0.6 10.22 179.01 189.23 OK
r-release-macos-arm64 3.0.6 OK
r-release-macos-x86_64 3.0.6 OK
r-release-windows-ix86+x86_64 3.0.6 21.00 230.00 251.00 OK
r-oldrel-macos-x86_64 3.0.6 OK
r-oldrel-windows-ix86+x86_64 3.0.6 23.00 232.00 255.00 OK

Check Details

Version: 3.0.6
Check: whether package can be installed
Result: WARN
    Found the following significant warnings:
     WARNING: installation-time patches will not be applied, could not get the patches index
Flavor: r-devel-windows-x86_64-gcc10-UCRT

Version: 3.0.6
Check: PDF version of manual
Result: WARN
    LaTeX errors when creating PDF version.
    This typically indicates Rd problems.
Flavor: r-devel-windows-x86_64-gcc10-UCRT

Version: 3.0.6
Check: PDF version of manual without hyperrefs or index
Result: ERROR
    Re-running with no redirection of stdout/stderr.
Flavor: r-devel-windows-x86_64-gcc10-UCRT