CRAN Package Check Results for Package EL

Last updated on 2021-08-05 18:52:49 CEST.

Flavor Version Tinstall Tcheck Ttotal Status Flags
r-devel-linux-x86_64-debian-clang 1.0 3.80 66.12 69.92 NOTE
r-devel-linux-x86_64-debian-gcc 1.0 2.72 45.43 48.15 NOTE
r-devel-linux-x86_64-fedora-clang 1.0 91.39 NOTE
r-devel-linux-x86_64-fedora-gcc 1.0 80.47 NOTE
r-devel-windows-x86_64 1.0 6.00 95.00 101.00 NOTE
r-devel-windows-x86_64-gcc10-UCRT 1.0 NOTE
r-patched-linux-x86_64 1.0 3.31 63.76 67.07 NOTE
r-patched-solaris-x86 1.0 113.90 NOTE
r-release-linux-x86_64 1.0 3.34 63.82 67.16 NOTE
r-release-macos-arm64 1.0 NOTE
r-release-macos-x86_64 1.0 NOTE
r-release-windows-ix86+x86_64 1.0 8.00 125.00 133.00 NOTE
r-oldrel-macos-x86_64 1.0 NOTE
r-oldrel-windows-ix86+x86_64 1.0 7.00 146.00 153.00 NOTE

Check Details

Version: 1.0
Check: R code for possible problems
Result: NOTE
    DHsmooth: no visible global function definition for 'pnorm'
    EL.Huber : mm: no visible global function definition for 'pchisq'
    EL.local: no visible binding for global variable 'bw.nrd0'
    EL.means : mm: no visible global function definition for 'pchisq'
    EL.plot: no visible binding for global variable 'bw.nrd0'
    EL.smooth: no visible binding for global variable 'bw.nrd0'
    EL.smooth : mm: no visible global function definition for 'pchisq'
    EL.statistic: no visible binding for global variable 'bw.nrd0'
    ELconf: no visible global function definition for 'qchisq'
    ELconf: no visible global function definition for 'uniroot'
    Hsmooth: no visible global function definition for 'pnorm'
    Hsmooth: no visible global function definition for 'dnorm'
    deltarange.opt.pp: no visible global function definition for 'ecdf'
    deltarange.opt.pp: no visible global function definition for 'quantile'
    deltarange.opt.qdiff: no visible global function definition for
     'quantile'
    deltarange.opt.qq: no visible global function definition for 'ecdf'
    deltarange.opt.qq: no visible global function definition for 'quantile'
    deltarange.opt.roc: no visible global function definition for 'ecdf'
    deltarange.opt.roc: no visible global function definition for
     'quantile'
    deltasolve: no visible global function definition for 'optimize'
    kernel.dnorm: no visible global function definition for 'dnorm'
    kernel.inorm: no visible global function definition for 'qnorm'
    kernel.norm: no visible global function definition for 'pnorm'
    thetarange.opt.pp: no visible global function definition for 'quantile'
    thetarange.opt.qdiff: no visible global function definition for
     'quantile'
    thetarange.opt.roc: no visible global function definition for
     'quantile'
    thetasolve: no visible global function definition for 'uniroot'
    Undefined global functions or variables:
     bw.nrd0 dnorm ecdf optimize pchisq pnorm qchisq qnorm quantile
     uniroot
    Consider adding
     importFrom("stats", "bw.nrd0", "dnorm", "ecdf", "optimize", "pchisq",
     "pnorm", "qchisq", "qnorm", "quantile", "uniroot")
    to your NAMESPACE file.
Flavors: r-devel-linux-x86_64-debian-clang, r-devel-linux-x86_64-debian-gcc, r-devel-linux-x86_64-fedora-clang, r-devel-linux-x86_64-fedora-gcc, r-devel-windows-x86_64, r-devel-windows-x86_64-gcc10-UCRT, r-patched-linux-x86_64, r-patched-solaris-x86, r-release-linux-x86_64, r-release-macos-arm64, r-release-macos-x86_64, r-release-windows-ix86+x86_64, r-oldrel-macos-x86_64, r-oldrel-windows-ix86+x86_64

Version: 1.0
Check: compiled code
Result: NOTE
    File ‘EL/libs/EL.so’:
     Found no calls to: ‘R_registerRoutines’, ‘R_useDynamicSymbols’
    
    It is good practice to register native routines and to disable symbol
    search.
    
    See ‘Writing portable packages’ in the ‘Writing R Extensions’ manual.
Flavors: r-devel-linux-x86_64-fedora-clang, r-devel-linux-x86_64-fedora-gcc