Last updated on 2025-01-22 09:49:33 CET.
Flavor | Version | Tinstall | Tcheck | Ttotal | Status | Flags |
---|---|---|---|---|---|---|
r-devel-linux-x86_64-debian-clang | 0.9.7 | 6.15 | 82.84 | 88.99 | NOTE | |
r-devel-linux-x86_64-debian-gcc | 0.9.7 | 4.04 | 52.41 | 56.45 | NOTE | |
r-devel-linux-x86_64-fedora-clang | 0.9.7 | 140.74 | OK | |||
r-devel-linux-x86_64-fedora-gcc | 0.9.7 | 136.73 | OK | |||
r-devel-windows-x86_64 | 0.9.7 | 7.00 | 96.00 | 103.00 | NOTE | |
r-patched-linux-x86_64 | 0.9.7 | 10.22 | 77.79 | 88.01 | OK | |
r-release-linux-x86_64 | 0.9.7 | 5.58 | 78.99 | 84.57 | OK | |
r-release-macos-arm64 | 0.9.7 | 38.00 | OK | |||
r-release-macos-x86_64 | 0.9.7 | 61.00 | OK | |||
r-release-windows-x86_64 | 0.9.7 | 8.00 | 93.00 | 101.00 | OK | |
r-oldrel-macos-arm64 | 0.9.7 | 38.00 | OK | |||
r-oldrel-macos-x86_64 | 0.9.7 | 67.00 | OK | |||
r-oldrel-windows-x86_64 | 0.9.7 | 7.00 | 118.00 | 125.00 | OK |
Version: 0.9.7
Check: Rd cross-references
Result: NOTE
Found the following Rd file(s) with Rd \link{} targets missing package
anchors:
EMMA.Rd: rotations, nnls
GUI.Rd: runApp
test.robustness.Rd: rotations
Please provide package anchors for all Rd \link{} targets not in the
package itself and the base packages.
Flavors: r-devel-linux-x86_64-debian-clang, r-devel-linux-x86_64-debian-gcc, r-devel-windows-x86_64