CRAN Package Check Results for Package EW

Last updated on 2021-08-05 18:52:50 CEST.

Flavor Version Tinstall Tcheck Ttotal Status Flags
r-devel-linux-x86_64-debian-clang 1.1 1.91 21.18 23.09 NOTE
r-devel-linux-x86_64-debian-gcc 1.1 1.42 17.06 18.48 NOTE
r-devel-linux-x86_64-fedora-clang 1.1 37.26 NOTE
r-devel-linux-x86_64-fedora-gcc 1.1 26.80 NOTE
r-devel-windows-x86_64 1.1 3.00 33.00 36.00 NOTE
r-devel-windows-x86_64-gcc10-UCRT 1.1 NOTE
r-patched-linux-x86_64 1.1 1.58 20.37 21.95 NOTE
r-patched-solaris-x86 1.1 42.20 NOTE
r-release-linux-x86_64 1.1 1.61 20.59 22.20 NOTE
r-release-macos-arm64 1.1 NOTE
r-release-macos-x86_64 1.1 NOTE
r-release-windows-ix86+x86_64 1.1 3.00 22.00 25.00 NOTE
r-oldrel-macos-x86_64 1.1 NOTE
r-oldrel-windows-ix86+x86_64 1.1 4.00 30.00 34.00 NOTE

Check Details

Version: 1.1
Check: R code for possible problems
Result: NOTE
    EW : PhiP : Phi: no visible global function definition for 'pnorm'
    Undefined global functions or variables:
     pnorm
    Consider adding
     importFrom("stats", "pnorm")
    to your NAMESPACE file.
Flavors: r-devel-linux-x86_64-debian-clang, r-devel-linux-x86_64-debian-gcc, r-devel-linux-x86_64-fedora-clang, r-devel-linux-x86_64-fedora-gcc, r-devel-windows-x86_64, r-devel-windows-x86_64-gcc10-UCRT, r-patched-linux-x86_64, r-patched-solaris-x86, r-release-linux-x86_64, r-release-macos-arm64, r-release-macos-x86_64, r-release-windows-ix86+x86_64, r-oldrel-macos-x86_64, r-oldrel-windows-ix86+x86_64