CRAN Package Check Results for Package Ecfun

Last updated on 2021-08-02 13:55:12 CEST.

Flavor Version Tinstall Tcheck Ttotal Status Flags
r-devel-linux-x86_64-debian-clang 0.2-5 16.45 151.56 168.01 OK
r-devel-linux-x86_64-debian-gcc 0.2-5 12.92 115.20 128.12 OK
r-devel-linux-x86_64-fedora-clang 0.2-5 206.91 NOTE
r-devel-linux-x86_64-fedora-gcc 0.2-5 197.34 OK
r-devel-windows-x86_64 0.2-5 28.00 204.00 232.00 OK
r-devel-windows-x86_64-gcc10-UCRT 0.2-5 OK
r-patched-linux-x86_64 0.2-5 OK
r-patched-solaris-x86 0.2-5 271.30 OK
r-release-linux-x86_64 0.2-5 13.29 148.01 161.30 OK
r-release-macos-arm64 0.2-5 OK
r-release-macos-x86_64 0.2-5 OK
r-release-windows-ix86+x86_64 0.2-5 31.00 189.00 220.00 OK
r-oldrel-macos-x86_64 0.2-5 OK
r-oldrel-windows-ix86+x86_64 0.2-5 35.00 204.00 239.00 OK

Check Details

Version: 0.2-5
Check: Rd cross-references
Result: NOTE
    Undeclared packages ‘EnvStats’, ‘drc’, ‘zoo’, ‘prodlim’, ‘plyr’, ‘TRAMPR’, ‘raster’ in Rd xrefs
Flavor: r-devel-linux-x86_64-fedora-clang