CRAN Package Check Results for Package EffectStars

Last updated on 2021-11-30 06:49:23 CET.

Flavor Version Tinstall Tcheck Ttotal Status Flags
r-devel-linux-x86_64-debian-clang 1.9-1 8.09 54.07 62.16 OK
r-devel-linux-x86_64-debian-gcc 1.9-1 6.80 41.54 48.34 OK
r-devel-linux-x86_64-fedora-clang 1.9-1 86.44 NOTE
r-devel-linux-x86_64-fedora-gcc 1.9-1 75.29 OK
r-devel-windows-x86_64-new-UL 1.9-1 15.00 90.00 105.00 OK
r-devel-windows-x86_64-new-TK 1.9-1 OK
r-devel-windows-x86_64-old 1.9-1 13.00 55.00 68.00 OK
r-patched-linux-x86_64 1.9-1 7.63 52.99 60.62 OK
r-patched-solaris-x86 1.9-1 105.50 OK
r-release-linux-x86_64 1.9-1 7.38 52.61 59.99 OK
r-release-macos-arm64 1.9-1 OK
r-release-macos-x86_64 1.9-1 OK
r-release-windows-ix86+x86_64 1.9-1 16.00 55.00 71.00 OK
r-oldrel-macos-x86_64 1.9-1 OK
r-oldrel-windows-ix86+x86_64 1.9-1 12.00 78.00 90.00 OK

Check Details

Version: 1.9-1
Check: Rd cross-references
Result: NOTE
    Undeclared packages ‘carData’, ‘faraway’ in Rd xrefs
Flavor: r-devel-linux-x86_64-fedora-clang