CRAN Package Check Results for Package EffectStars2

Last updated on 2021-12-02 15:52:38 CET.

Flavor Version Tinstall Tcheck Ttotal Status Flags
r-devel-linux-x86_64-debian-clang 0.1-3 4.44 38.11 42.55 OK
r-devel-linux-x86_64-debian-gcc 0.1-3 2.99 30.12 33.11 OK
r-devel-linux-x86_64-fedora-clang 0.1-3 63.07 NOTE
r-devel-linux-x86_64-fedora-gcc 0.1-3 51.57 OK
r-devel-windows-x86_64-new-UL 0.1-3 10.00 76.00 86.00 OK
r-devel-windows-x86_64-new-TK 0.1-3 OK
r-devel-windows-x86_64-old 0.1-3 7.00 45.00 52.00 OK
r-patched-linux-x86_64 0.1-3 3.83 37.21 41.04 OK
r-patched-solaris-x86 0.1-3 79.80 OK
r-release-linux-x86_64 0.1-3 3.86 36.67 40.53 OK
r-release-macos-arm64 0.1-3 OK
r-release-macos-x86_64 0.1-3 OK
r-release-windows-ix86+x86_64 0.1-3 9.00 62.00 71.00 OK
r-oldrel-macos-x86_64 0.1-3 OK
r-oldrel-windows-ix86+x86_64 0.1-3 10.00 63.00 73.00 OK

Check Details

Version: 0.1-3
Check: Rd cross-references
Result: NOTE
    Undeclared package ‘carData’ in Rd xrefs
Flavor: r-devel-linux-x86_64-fedora-clang