CRAN Package Check Results for Package EvaluateCore

Last updated on 2021-12-01 15:51:56 CET.

Flavor Version Tinstall Tcheck Ttotal Status Flags
r-devel-linux-x86_64-debian-clang 0.1.2 12.55 129.95 142.50 OK
r-devel-linux-x86_64-debian-gcc 0.1.2 10.91 96.71 107.62 OK
r-devel-linux-x86_64-fedora-clang 0.1.2 179.14 NOTE
r-devel-linux-x86_64-fedora-gcc 0.1.2 165.19 NOTE
r-devel-windows-x86_64-new-UL 0.1.2 28.00 179.00 207.00 OK
r-devel-windows-x86_64-new-TK 0.1.2 NOTE
r-devel-windows-x86_64-old 0.1.2 22.00 118.00 140.00 OK
r-patched-linux-x86_64 0.1.2 13.15 116.05 129.20 OK
r-patched-solaris-x86 0.1.2 239.90 NOTE
r-release-linux-x86_64 0.1.2 10.84 116.06 126.90 OK
r-release-macos-arm64 0.1.2 NOTE
r-release-macos-x86_64 0.1.2 NOTE
r-release-windows-ix86+x86_64 0.1.2 33.00 169.00 202.00 OK
r-oldrel-macos-x86_64 0.1.2 NOTE
r-oldrel-windows-ix86+x86_64 0.1.2 25.00 115.00 140.00 OK

Check Details

Version: 0.1.2
Check: dependencies in R code
Result: NOTE
    Namespace in Imports field not imported from: ‘mathjaxr’
     All declared Imports should be used.
Flavors: r-devel-linux-x86_64-fedora-clang, r-devel-linux-x86_64-fedora-gcc, r-devel-windows-x86_64-new-TK, r-patched-solaris-x86, r-release-macos-arm64, r-release-macos-x86_64, r-oldrel-macos-x86_64

Version: 0.1.2
Check: package dependencies
Result: NOTE
    Package suggested but not available for checking: ‘corehunter’
Flavor: r-patched-solaris-x86