CRAN Package Check Results for Package ExomeDepth

Last updated on 2021-11-30 06:49:24 CET.

Flavor Version Tinstall Tcheck Ttotal Status Flags
r-devel-linux-x86_64-debian-clang 1.1.15 37.67 306.62 344.29 OK
r-devel-linux-x86_64-debian-gcc 1.1.15 33.06 233.63 266.69 OK
r-devel-linux-x86_64-fedora-clang 1.1.15 447.17 OK
r-devel-linux-x86_64-fedora-gcc 1.1.15 414.42 OK
r-devel-windows-x86_64-new-UL 1.1.15 76.00 381.00 457.00 OK
r-devel-windows-x86_64-new-TK 1.1.15 OK
r-devel-windows-x86_64-old 1.1.15 65.00 265.00 330.00 OK
r-patched-linux-x86_64 1.1.15 34.15 290.54 324.69 OK
r-patched-solaris-x86 1.1.15 591.90 OK
r-release-linux-x86_64 1.1.15 36.89 290.70 327.59 OK
r-release-macos-arm64 1.1.15 OK
r-release-macos-x86_64 1.1.15 WARN
r-release-windows-ix86+x86_64 1.1.15 101.00 463.00 564.00 OK
r-oldrel-macos-x86_64 1.1.15 WARN
r-oldrel-windows-ix86+x86_64 1.1.15 74.00 442.00 516.00 OK

Check Details

Version: 1.1.15
Check: whether package can be installed
Result: WARN
    Found the following significant warnings:
     VP_psi.c:843:8: warning: 'gsl_finite' is deprecated: first deprecated in macOS 10.9 [-Wdeprecated-declarations]
     VP_psi.c:843:41: warning: 'gsl_finite' is deprecated: first deprecated in macOS 10.9 [-Wdeprecated-declarations]
Flavors: r-release-macos-x86_64, r-oldrel-macos-x86_64