CRAN Package Check Results for Package ExtDist

Last updated on 2021-11-28 03:54:06 CET.

Flavor Version Tinstall Tcheck Ttotal Status Flags
r-devel-linux-x86_64-debian-clang 0.6-4 OK
r-devel-linux-x86_64-debian-gcc 0.6-4 4.61 51.16 55.77 OK
r-devel-linux-x86_64-fedora-clang 0.6-4 97.04 OK
r-devel-linux-x86_64-fedora-gcc 0.6-4 86.24 OK
r-devel-windows-x86_64-new-UL 0.6-4 16.00 137.00 153.00 OK
r-devel-windows-x86_64-new-TK 0.6-4 OK
r-devel-windows-x86_64-old 0.6-4 8.00 87.00 95.00 OK
r-patched-linux-x86_64 0.6-4 6.95 64.61 71.56 OK
r-patched-solaris-x86 0.6-4 106.70 OK
r-release-linux-x86_64 0.6-4 OK
r-release-macos-arm64 0.6-4 OK
r-release-macos-x86_64 0.6-4 ERROR
r-release-windows-ix86+x86_64 0.6-4 11.00 114.00 125.00 OK
r-oldrel-macos-x86_64 0.6-4 OK
r-oldrel-windows-ix86+x86_64 0.6-4 8.00 98.00 106.00 OK

Check Details

Version: 0.6-4
Check: examples
Result: ERROR
    Running examples in ‘ExtDist-Ex.R’ failed
    The error most likely occurred in:
    
    > ### Name: Beta
    > ### Title: The Standard Beta Distribution.
    > ### Aliases: Beta dBeta eBeta iBeta lBeta pBeta qBeta rBeta sBeta
    >
    > ### ** Examples
    >
    > # Parameter estimation for a distribution with known shape parameters
    > x <- rBeta(n=500, params=list(shape1=2, shape2=2))
    > est.par <- eBeta(x); est.par
    
    Parameters for the Beta distribution.
    (found using the MOM method.)
    
     Parameter Type Estimate
     shape1 shape 2.072842
     shape2 shape 2.014862
    
    
    > plot(est.par)
    Error in loadNamespace(x) :
     there is no package called ‘PerformanceAnalytics’
    Calls: plot ... loadNamespace -> withRestarts -> withOneRestart -> doWithOneRestart
    Execution halted
Flavor: r-release-macos-x86_64