CRAN Package Check Results for Package ExtractTrainData

Last updated on 2021-10-18 19:51:34 CEST.

Flavor Version Tinstall Tcheck Ttotal Status Flags
r-devel-linux-x86_64-debian-clang 9.1.5 22.52 218.05 240.57 NOTE
r-devel-linux-x86_64-debian-gcc 9.1.5 20.37 161.18 181.55 NOTE
r-devel-linux-x86_64-fedora-clang 9.1.5 296.02 NOTE
r-devel-linux-x86_64-fedora-gcc 9.1.5 282.48 NOTE
r-devel-windows-x86_64 9.1.5 35.00 243.00 278.00 NOTE
r-devel-windows-x86_64-gcc10-UCRT 9.1.5 NOTE
r-patched-linux-x86_64 9.1.5 20.15 207.83 227.98 NOTE
r-patched-solaris-x86 9.1.5 174.90 NOTE
r-release-linux-x86_64 9.1.5 24.36 204.75 229.11 NOTE
r-release-macos-arm64 9.1.5 NOTE
r-release-macos-x86_64 9.1.5 NOTE
r-release-windows-ix86+x86_64 9.1.5 38.00 226.00 264.00 NOTE
r-oldrel-macos-x86_64 9.1.5 OK
r-oldrel-windows-ix86+x86_64 9.1.5 22.00 106.00 128.00 OK

Check Details

Version: 9.1.5
Check: LazyData
Result: NOTE
     'LazyData' is specified without a 'data' directory
Flavors: r-devel-linux-x86_64-debian-clang, r-devel-linux-x86_64-debian-gcc, r-devel-linux-x86_64-fedora-clang, r-devel-linux-x86_64-fedora-gcc, r-devel-windows-x86_64, r-devel-windows-x86_64-gcc10-UCRT, r-patched-linux-x86_64, r-patched-solaris-x86, r-release-linux-x86_64, r-release-macos-arm64, r-release-macos-x86_64, r-release-windows-ix86+x86_64