CRAN Package Check Results for Package FAMT

Last updated on 2024-07-16 16:52:49 CEST.

Flavor Version Tinstall Tcheck Ttotal Status Flags
r-devel-linux-x86_64-debian-clang 2.6 3.37 45.54 48.91 NOTE
r-devel-linux-x86_64-debian-gcc 2.6 2.78 35.22 38.00 NOTE
r-devel-linux-x86_64-fedora-clang 2.6 61.33 NOTE
r-devel-linux-x86_64-fedora-gcc 2.6 58.61 NOTE
r-devel-windows-x86_64 2.6 6.00 57.00 63.00 NOTE
r-patched-linux-x86_64 2.6 3.65 46.26 49.91 NOTE
r-release-linux-x86_64 2.6 2.93 46.10 49.03 NOTE
r-release-macos-arm64 2.6 24.00 NOTE
r-release-macos-x86_64 2.6 35.00 NOTE
r-release-windows-x86_64 2.6 3.00 64.00 67.00 NOTE
r-oldrel-macos-arm64 2.6 26.00 OK
r-oldrel-macos-x86_64 2.6 47.00 OK
r-oldrel-windows-x86_64 2.6 5.00 61.00 66.00 OK

Check Details

Version: 2.6
Check: Rd files
Result: NOTE checkRd: (-1) pi0FAMT.Rd:18: Lost braces 18 | \code{pi0}{The estimated proportion \code{pi0} of null hypotheses.}} | ^ Flavors: r-devel-linux-x86_64-debian-clang, r-devel-linux-x86_64-debian-gcc, r-devel-linux-x86_64-fedora-clang, r-devel-linux-x86_64-fedora-gcc, r-devel-windows-x86_64, r-patched-linux-x86_64, r-release-linux-x86_64, r-release-macos-arm64, r-release-macos-x86_64, r-release-windows-x86_64

Version: 2.6
Check: Rd cross-references
Result: NOTE Found the following Rd file(s) with Rd \link{} targets missing package anchors: as.FAMTdata.Rd: impute.knn Please provide package anchors for all Rd \link{} targets not in the package itself and the base packages. Flavor: r-devel-windows-x86_64