CRAN Package Check Results for Package FDRreg

Last updated on 2021-09-22 01:48:41 CEST.

Flavor Version Tinstall Tcheck Ttotal Status Flags
r-devel-linux-x86_64-debian-clang 0.1 42.91 112.55 155.46 NOTE
r-devel-linux-x86_64-debian-gcc 0.1 29.92 85.19 115.11 NOTE
r-devel-linux-x86_64-fedora-clang 0.1 205.51 NOTE
r-devel-linux-x86_64-fedora-gcc 0.1 187.22 NOTE
r-devel-windows-x86_64 0.1 45.00 108.00 153.00 NOTE
r-devel-windows-x86_64-gcc10-UCRT 0.1 ERROR
r-patched-linux-x86_64 0.1 35.19 105.38 140.57 NOTE
r-patched-solaris-x86 0.1 252.60 NOTE
r-release-linux-x86_64 0.1 37.31 103.80 141.11 NOTE
r-release-macos-arm64 0.1 NOTE
r-release-macos-x86_64 0.1 NOTE
r-release-windows-ix86+x86_64 0.1 108.00 197.00 305.00 NOTE
r-oldrel-macos-x86_64 0.1 NOTE
r-oldrel-windows-ix86+x86_64 0.1 110.00 146.00 256.00 NOTE

Check Details

Version: 0.1
Check: R code for possible problems
Result: NOTE
    FDRreg: no visible global function definition for 'dnorm'
    colnormalize: no visible global function definition for 'sd'
    efron: no visible global function definition for 'median'
    efron: no visible global function definition for 'hist'
    efron: no visible global function definition for 'glm'
    efron: no visible binding for global variable 'poisson'
    efron: no visible global function definition for 'qchisq'
    efron: no visible global function definition for 'predict'
    efron: no visible global function definition for 'quantile'
    efron: no visible global function definition for 'lm'
    efron: no visible global function definition for 'coef'
    make.bspline.matrix: no visible global function definition for
     'quantile'
    plotFDR: no visible global function definition for 'hist'
    plotFDR: no visible global function definition for 'par'
    plotFDR: no visible global function definition for 'axis'
    plotFDR: no visible global function definition for 'lines'
    plotFDR: no visible global function definition for 'legend'
    plotFDR: no visible global function definition for 'rug'
    plotFDR: no visible global function definition for 'title'
    Undefined global functions or variables:
     axis coef dnorm glm hist legend lines lm median par poisson predict
     qchisq quantile rug sd title
    Consider adding
     importFrom("graphics", "axis", "hist", "legend", "lines", "par", "rug",
     "title")
     importFrom("stats", "coef", "dnorm", "glm", "lm", "median", "poisson",
     "predict", "qchisq", "quantile", "sd")
    to your NAMESPACE file.
Flavors: r-devel-linux-x86_64-debian-clang, r-devel-linux-x86_64-debian-gcc, r-devel-linux-x86_64-fedora-clang, r-devel-linux-x86_64-fedora-gcc, r-devel-windows-x86_64, r-patched-linux-x86_64, r-patched-solaris-x86, r-release-linux-x86_64, r-release-macos-arm64, r-release-macos-x86_64, r-release-windows-ix86+x86_64, r-oldrel-macos-x86_64, r-oldrel-windows-ix86+x86_64

Version: 0.1
Check: compiled code
Result: NOTE
    File ‘FDRreg/libs/FDRreg.so’:
     Found no calls to: ‘R_registerRoutines’, ‘R_useDynamicSymbols’
    
    It is good practice to register native routines and to disable symbol
    search.
    
    See ‘Writing portable packages’ in the ‘Writing R Extensions’ manual.
Flavors: r-devel-linux-x86_64-fedora-clang, r-devel-linux-x86_64-fedora-gcc

Version: 0.1
Check: whether package can be installed
Result: ERROR
    Installation failed.
Flavor: r-devel-windows-x86_64-gcc10-UCRT