CRAN Package Check Results for Package FIT

Last updated on 2021-09-16 16:50:13 CEST.

Flavor Version Tinstall Tcheck Ttotal Status Flags
r-devel-linux-x86_64-debian-clang 0.0.6 47.54 107.52 155.06 NOTE
r-devel-linux-x86_64-debian-gcc 0.0.6 34.42 75.20 109.62 NOTE
r-devel-linux-x86_64-fedora-clang 0.0.6 199.00 NOTE
r-devel-linux-x86_64-fedora-gcc 0.0.6 182.98 NOTE
r-devel-windows-x86_64 0.0.6 37.00 145.00 182.00 NOTE
r-devel-windows-x86_64-gcc10-UCRT 0.0.6 NOTE
r-patched-linux-x86_64 0.0.6 39.37 101.31 140.68 NOTE
r-patched-solaris-x86 0.0.6 210.50 NOTE
r-release-linux-x86_64 0.0.6 40.41 99.34 139.75 NOTE
r-release-macos-arm64 0.0.6 NOTE
r-release-macos-x86_64 0.0.6 NOTE
r-release-windows-ix86+x86_64 0.0.6 98.00 160.00 258.00 NOTE
r-oldrel-macos-x86_64 0.0.6 NOTE
r-oldrel-windows-ix86+x86_64 0.0.6 70.00 165.00 235.00 OK

Check Details

Version: 0.0.6
Check: LazyData
Result: NOTE
     'LazyData' is specified without a 'data' directory
Flavors: r-devel-linux-x86_64-debian-clang, r-devel-linux-x86_64-debian-gcc, r-devel-linux-x86_64-fedora-clang, r-devel-linux-x86_64-fedora-gcc, r-devel-windows-x86_64, r-devel-windows-x86_64-gcc10-UCRT, r-patched-linux-x86_64, r-patched-solaris-x86, r-release-linux-x86_64, r-release-macos-arm64, r-release-macos-x86_64, r-release-windows-ix86+x86_64

Version: 0.0.6
Check: installed package size
Result: NOTE
     installed size is 8.6Mb
     sub-directories of 1Mb or more:
     libs 7.7Mb
Flavors: r-devel-linux-x86_64-fedora-clang, r-release-macos-arm64, r-release-macos-x86_64, r-oldrel-macos-x86_64

Version: 0.0.6
Check: dependencies in R code
Result: NOTE
    Namespaces in Imports field not imported from:
     ‘MASS’ ‘XML’ ‘gglasso’ ‘methods’
     All declared Imports should be used.
Flavors: r-devel-linux-x86_64-fedora-clang, r-devel-linux-x86_64-fedora-gcc, r-devel-windows-x86_64-gcc10-UCRT, r-patched-solaris-x86, r-release-macos-arm64, r-release-macos-x86_64, r-oldrel-macos-x86_64