CRAN Package Check Results for Package FMC

Last updated on 2021-11-30 06:49:24 CET.

Flavor Version Tinstall Tcheck Ttotal Status Flags
r-devel-linux-x86_64-debian-clang 1.0.0 1.97 19.54 21.51 NOTE
r-devel-linux-x86_64-debian-gcc 1.0.0 1.29 15.93 17.22 NOTE
r-devel-linux-x86_64-fedora-clang 1.0.0 37.61 NOTE
r-devel-linux-x86_64-fedora-gcc 1.0.0 26.46 NOTE
r-devel-windows-x86_64-new-UL 1.0.0 6.00 56.00 62.00 NOTE
r-devel-windows-x86_64-new-TK 1.0.0 NOTE
r-devel-windows-x86_64-old 1.0.0 4.00 28.00 32.00 NOTE
r-patched-linux-x86_64 1.0.0 1.94 19.26 21.20 NOTE
r-patched-solaris-x86 1.0.0 42.00 NOTE
r-release-linux-x86_64 1.0.0 1.85 19.02 20.87 NOTE
r-release-macos-arm64 1.0.0 NOTE
r-release-macos-x86_64 1.0.0 NOTE
r-release-windows-ix86+x86_64 1.0.0 4.00 36.00 40.00 NOTE
r-oldrel-macos-x86_64 1.0.0 NOTE
r-oldrel-windows-ix86+x86_64 1.0.0 4.00 32.00 36.00 OK

Check Details

Version: 1.0.0
Check: LazyData
Result: NOTE
     'LazyData' is specified without a 'data' directory
Flavors: r-devel-linux-x86_64-debian-clang, r-devel-linux-x86_64-debian-gcc, r-devel-linux-x86_64-fedora-clang, r-devel-linux-x86_64-fedora-gcc, r-devel-windows-x86_64-new-UL, r-devel-windows-x86_64-new-TK, r-devel-windows-x86_64-old, r-patched-linux-x86_64, r-patched-solaris-x86, r-release-linux-x86_64, r-release-macos-arm64, r-release-macos-x86_64, r-release-windows-ix86+x86_64

Version: 1.0.0
Check: dependencies in R code
Result: NOTE
    Namespaces in Imports field not imported from:
     ‘stats’ ‘utils’
     All declared Imports should be used.
Flavors: r-devel-linux-x86_64-fedora-clang, r-devel-linux-x86_64-fedora-gcc, r-devel-windows-x86_64-new-TK, r-patched-solaris-x86, r-release-macos-arm64, r-release-macos-x86_64, r-oldrel-macos-x86_64