CRAN Package Check Results for Package FMCCSD

Last updated on 2021-09-20 22:55:23 CEST.

Flavor Version Tinstall Tcheck Ttotal Status Flags
r-devel-linux-x86_64-debian-clang 1.0 35.66 32.17 67.83 OK
r-devel-linux-x86_64-debian-gcc 1.0 26.28 24.88 51.16 OK
r-devel-linux-x86_64-fedora-clang 1.0 106.01 OK
r-devel-linux-x86_64-fedora-gcc 1.0 87.21 OK
r-devel-windows-x86_64 1.0 35.00 46.00 81.00 OK
r-devel-windows-x86_64-gcc10-UCRT 1.0 ERROR
r-patched-linux-x86_64 1.0 30.35 30.91 61.26 OK
r-patched-solaris-x86 1.0 90.90 OK
r-release-linux-x86_64 1.0 33.18 30.54 63.72 OK
r-release-macos-arm64 1.0 OK
r-release-macos-x86_64 1.0 OK
r-release-windows-ix86+x86_64 1.0 87.00 80.00 167.00 OK
r-oldrel-macos-x86_64 1.0 OK
r-oldrel-windows-ix86+x86_64 1.0 85.00 62.00 147.00 OK

Check Details

Version: 1.0
Check: whether package can be installed
Result: ERROR
    Installation failed.
Flavor: r-devel-windows-x86_64-gcc10-UCRT