CRAN Package Check Results for Package FRK

Last updated on 2021-09-27 04:54:56 CEST.

Flavor Version Tinstall Tcheck Ttotal Status Flags
r-devel-linux-x86_64-debian-clang 2.0.0 152.54 586.02 738.56 NOTE
r-devel-linux-x86_64-debian-gcc 2.0.0 138.86 449.41 588.27 NOTE
r-devel-linux-x86_64-fedora-clang 2.0.0 927.22 NOTE
r-devel-linux-x86_64-fedora-gcc 2.0.0 986.75 NOTE
r-devel-windows-x86_64 2.0.0 127.00 270.00 397.00 NOTE --no-vignettes
r-devel-windows-x86_64-gcc10-UCRT 2.0.0 NOTE
r-patched-linux-x86_64 2.0.0 147.59 576.87 724.46 NOTE
r-patched-solaris-x86 2.0.0 1334.20 NOTE
r-release-linux-x86_64 2.0.0 148.87 576.03 724.90 NOTE
r-release-macos-arm64 2.0.0 NOTE
r-release-macos-x86_64 2.0.0 NOTE
r-release-windows-ix86+x86_64 2.0.0 322.00 411.00 733.00 NOTE --no-vignettes
r-oldrel-macos-x86_64 2.0.0 NOTE
r-oldrel-windows-ix86+x86_64 2.0.0 208.00 410.00 618.00 NOTE --no-vignettes

Check Details

Version: 2.0.0
Check: package dependencies
Result: NOTE
    Packages suggested but not available for checking: 'dggrids', 'INLA'
Flavors: r-devel-linux-x86_64-debian-clang, r-devel-linux-x86_64-debian-gcc, r-devel-windows-x86_64-gcc10-UCRT, r-patched-linux-x86_64, r-patched-solaris-x86, r-release-linux-x86_64, r-release-macos-arm64, r-release-macos-x86_64, r-oldrel-macos-x86_64

Version: 2.0.0
Check: package dependencies
Result: NOTE
    Package suggested but not available for checking: ‘dggrids’
Flavors: r-devel-linux-x86_64-fedora-clang, r-devel-linux-x86_64-fedora-gcc

Version: 2.0.0
Check: installed package size
Result: NOTE
     installed size is 68.4Mb
     sub-directories of 1Mb or more:
     data 5.0Mb
     doc 1.6Mb
     help 1.4Mb
     libs 59.7Mb
Flavors: r-devel-linux-x86_64-fedora-clang, r-patched-solaris-x86, r-release-macos-arm64, r-release-macos-x86_64, r-oldrel-macos-x86_64

Version: 2.0.0
Flags: --no-vignettes
Check: package dependencies
Result: NOTE
    Package suggested but not available for checking: 'dggrids'
Flavors: r-devel-windows-x86_64, r-release-windows-ix86+x86_64, r-oldrel-windows-ix86+x86_64

Version: 2.0.0
Flags: --no-vignettes
Check: installed package size
Result: NOTE
     installed size is 21.4Mb
     sub-directories of 1Mb or more:
     data 5.0Mb
     doc 1.6Mb
     help 1.4Mb
     libs 12.7Mb
Flavors: r-devel-windows-x86_64, r-release-windows-ix86+x86_64, r-oldrel-windows-ix86+x86_64