CRAN Package Check Results for Package FSInteract

Last updated on 2021-09-20 22:55:24 CEST.

Flavor Version Tinstall Tcheck Ttotal Status Flags
r-devel-linux-x86_64-debian-clang 0.1.2 28.82 63.02 91.84 OK
r-devel-linux-x86_64-debian-gcc 0.1.2 18.04 47.29 65.33 OK
r-devel-linux-x86_64-fedora-clang 0.1.2 122.59 OK
r-devel-linux-x86_64-fedora-gcc 0.1.2 106.59 OK
r-devel-windows-x86_64 0.1.2 28.00 70.00 98.00 OK
r-devel-windows-x86_64-gcc10-UCRT 0.1.2 ERROR
r-patched-linux-x86_64 0.1.2 22.56 59.27 81.83 OK
r-patched-solaris-x86 0.1.2 144.30 OK
r-release-linux-x86_64 0.1.2 23.24 59.59 82.83 OK
r-release-macos-arm64 0.1.2 OK
r-release-macos-x86_64 0.1.2 OK
r-release-windows-ix86+x86_64 0.1.2 65.00 118.00 183.00 OK
r-oldrel-macos-x86_64 0.1.2 OK
r-oldrel-windows-ix86+x86_64 0.1.2 65.00 91.00 156.00 OK

Check Details

Version: 0.1.2
Check: whether package can be installed
Result: ERROR
    Installation failed.
Flavor: r-devel-windows-x86_64-gcc10-UCRT