CRAN Package Check Results for Package FSinR

Last updated on 2021-09-26 07:50:07 CEST.

Flavor Version Tinstall Tcheck Ttotal Status Flags
r-devel-linux-x86_64-debian-clang 2.0.5 19.44 341.06 360.50 OK
r-devel-linux-x86_64-debian-gcc 2.0.5 16.32 241.03 257.35 OK
r-devel-linux-x86_64-fedora-clang 2.0.5 416.09 NOTE
r-devel-linux-x86_64-fedora-gcc 2.0.5 403.32 NOTE
r-devel-windows-x86_64 2.0.5 20.00 269.00 289.00 OK
r-devel-windows-x86_64-gcc10-UCRT 2.0.5 NOTE
r-patched-linux-x86_64 2.0.5 19.07 315.02 334.09 OK
r-patched-solaris-x86 2.0.5 444.50 NOTE
r-release-linux-x86_64 2.0.5 18.45 323.17 341.62 OK
r-release-macos-arm64 2.0.5 NOTE
r-release-macos-x86_64 2.0.5 NOTE
r-release-windows-ix86+x86_64 2.0.5 41.00 392.00 433.00 OK
r-oldrel-macos-x86_64 2.0.5 NOTE
r-oldrel-windows-ix86+x86_64 2.0.5 30.00 272.00 302.00 OK

Check Details

Version: 2.0.5
Check: dependencies in R code
Result: NOTE
    Namespaces in Imports field not imported from:
     ‘class’ ‘mlbench’ ‘neuralnet’ ‘rpart’
     All declared Imports should be used.
Flavors: r-devel-linux-x86_64-fedora-clang, r-devel-linux-x86_64-fedora-gcc, r-devel-windows-x86_64-gcc10-UCRT, r-patched-solaris-x86, r-release-macos-arm64, r-release-macos-x86_64, r-oldrel-macos-x86_64