CRAN Package Check Results for Package FastKM

Last updated on 2021-08-05 18:52:51 CEST.

Flavor Version Tinstall Tcheck Ttotal Status Flags
r-devel-linux-x86_64-debian-clang 1.0 7.33 66.58 73.91 NOTE
r-devel-linux-x86_64-debian-gcc 1.0 6.92 51.16 58.08 NOTE
r-devel-linux-x86_64-fedora-clang 1.0 99.63 NOTE
r-devel-linux-x86_64-fedora-gcc 1.0 85.16 NOTE
r-devel-windows-x86_64 1.0 11.00 83.00 94.00 NOTE
r-devel-windows-x86_64-gcc10-UCRT 1.0 NOTE
r-patched-linux-x86_64 1.0 8.07 63.24 71.31 NOTE
r-patched-solaris-x86 1.0 127.90 NOTE
r-release-linux-x86_64 1.0 7.46 63.90 71.36 NOTE
r-release-macos-arm64 1.0 NOTE
r-release-macos-x86_64 1.0 NOTE
r-release-windows-ix86+x86_64 1.0 17.00 64.00 81.00 NOTE
r-oldrel-macos-x86_64 1.0 NOTE
r-oldrel-windows-ix86+x86_64 1.0 14.00 83.00 97.00 NOTE

Check Details

Version: 1.0
Check: package dependencies
Result: NOTE
    Package suggested but not available for checking: 'coxKM'
Flavors: r-devel-linux-x86_64-debian-clang, r-devel-linux-x86_64-debian-gcc, r-devel-linux-x86_64-fedora-clang, r-devel-linux-x86_64-fedora-gcc, r-devel-windows-x86_64, r-devel-windows-x86_64-gcc10-UCRT, r-patched-linux-x86_64, r-patched-solaris-x86, r-release-linux-x86_64, r-release-macos-arm64, r-release-macos-x86_64, r-release-windows-ix86+x86_64, r-oldrel-macos-x86_64, r-oldrel-windows-ix86+x86_64