CRAN Package Check Results for Package FastPCS

Last updated on 2021-09-27 19:50:18 CEST.

Flavor Version Tinstall Tcheck Ttotal Status Flags
r-devel-linux-x86_64-debian-clang 0.1.3 24.01 23.95 47.96 OK
r-devel-linux-x86_64-debian-gcc 0.1.3 18.37 19.47 37.84 OK
r-devel-linux-x86_64-fedora-clang 0.1.3 70.76 NOTE
r-devel-linux-x86_64-fedora-gcc 0.1.3 60.63 OK
r-devel-windows-x86_64 0.1.3 17.00 36.00 53.00 OK
r-devel-windows-x86_64-gcc10-UCRT 0.1.3 OK
r-patched-linux-x86_64 0.1.3 20.32 23.82 44.14 OK
r-patched-solaris-x86 0.1.3 66.30 OK
r-release-linux-x86_64 0.1.3 21.52 23.93 45.45 OK
r-release-macos-arm64 0.1.3 NOTE
r-release-macos-x86_64 0.1.3 NOTE
r-release-windows-ix86+x86_64 0.1.3 47.00 59.00 106.00 OK
r-oldrel-macos-x86_64 0.1.3 NOTE
r-oldrel-windows-ix86+x86_64 0.1.3 37.00 46.00 83.00 OK

Check Details

Version: 0.1.3
Check: installed package size
Result: NOTE
     installed size is 8.1Mb
     sub-directories of 1Mb or more:
     libs 8.0Mb
Flavors: r-devel-linux-x86_64-fedora-clang, r-release-macos-arm64, r-release-macos-x86_64, r-oldrel-macos-x86_64