CRAN Package Check Results for Package FastSF

Last updated on 2021-09-20 22:55:22 CEST.

Flavor Version Tinstall Tcheck Ttotal Status Flags
r-devel-linux-x86_64-debian-clang 0.1.1 86.48 33.57 120.05 NOTE
r-devel-linux-x86_64-debian-gcc 0.1.1 57.14 26.18 83.32 NOTE
r-devel-linux-x86_64-fedora-clang 0.1.1 181.09 NOTE
r-devel-linux-x86_64-fedora-gcc 0.1.1 151.09 NOTE
r-devel-windows-x86_64 0.1.1 76.00 48.00 124.00 NOTE
r-devel-windows-x86_64-gcc10-UCRT 0.1.1 ERROR
r-patched-linux-x86_64 0.1.1 65.91 32.70 98.61 NOTE
r-patched-solaris-x86 0.1.1 149.30 NOTE
r-release-linux-x86_64 0.1.1 64.80 32.89 97.69 NOTE
r-release-macos-arm64 0.1.1 NOTE
r-release-macos-x86_64 0.1.1 NOTE
r-release-windows-ix86+x86_64 0.1.1 199.00 80.00 279.00 NOTE
r-oldrel-macos-x86_64 0.1.1 OK
r-oldrel-windows-ix86+x86_64 0.1.1 193.00 68.00 261.00 OK

Check Details

Version: 0.1.1
Check: LazyData
Result: NOTE
     'LazyData' is specified without a 'data' directory
Flavors: r-devel-linux-x86_64-debian-clang, r-devel-linux-x86_64-debian-gcc, r-devel-linux-x86_64-fedora-clang, r-devel-linux-x86_64-fedora-gcc, r-devel-windows-x86_64, r-patched-linux-x86_64, r-patched-solaris-x86, r-release-linux-x86_64, r-release-macos-arm64, r-release-macos-x86_64, r-release-windows-ix86+x86_64

Version: 0.1.1
Check: whether package can be installed
Result: ERROR
    Installation failed.
Flavor: r-devel-windows-x86_64-gcc10-UCRT