CRAN Package Check Results for Package Fgmutils

Last updated on 2024-02-21 15:50:46 CET.

Flavor Version Tinstall Tcheck Ttotal Status Flags
r-devel-linux-x86_64-debian-clang 0.9.5 NOTE
r-devel-linux-x86_64-debian-gcc 0.9.5 8.59 69.83 78.42 NOTE
r-devel-linux-x86_64-fedora-clang 0.9.5 NOTE
r-devel-linux-x86_64-fedora-gcc 0.9.5 125.04 NOTE
r-devel-windows-x86_64 0.9.5 11.00 90.00 101.00 NOTE
r-patched-linux-x86_64 0.9.5 13.04 89.70 102.74 NOTE
r-release-linux-x86_64 0.9.5 12.15 89.68 101.83 NOTE
r-release-macos-arm64 0.9.5 42.00 NOTE
r-release-macos-x86_64 0.9.5 76.00 NOTE
r-release-windows-x86_64 0.9.5 13.00 104.00 117.00 NOTE
r-oldrel-macos-arm64 0.9.5 70.00 NOTE
r-oldrel-windows-x86_64 0.9.5 13.00 94.00 107.00 NOTE

Check Details

Version: 0.9.5
Check: Rd files
Result: NOTE checkRd: (-1) contemParametros.Rd:19: Lost braces 19 | \item{exclui3pontos}{verify por ... ? in f<-function(a, ...){ }} | ^ Flavors: r-devel-linux-x86_64-debian-clang, r-devel-linux-x86_64-debian-gcc

Version: 0.9.5
Check: LazyData
Result: NOTE 'LazyData' is specified without a 'data' directory Flavors: r-devel-linux-x86_64-debian-clang, r-devel-linux-x86_64-debian-gcc, r-devel-linux-x86_64-fedora-clang, r-devel-linux-x86_64-fedora-gcc, r-devel-windows-x86_64, r-patched-linux-x86_64, r-release-linux-x86_64, r-release-macos-arm64, r-release-macos-x86_64, r-release-windows-x86_64, r-oldrel-macos-arm64, r-oldrel-windows-x86_64