CRAN Package Check Results for Package ForecastComb

Last updated on 2021-10-25 01:48:46 CEST.

Flavor Version Tinstall Tcheck Ttotal Status Flags
r-devel-linux-x86_64-debian-clang 1.3.1 15.10 200.94 216.04 OK
r-devel-linux-x86_64-debian-gcc 1.3.1 10.83 144.92 155.75 OK
r-devel-linux-x86_64-fedora-clang 1.3.1 263.57 NOTE
r-devel-linux-x86_64-fedora-gcc 1.3.1 247.05 OK
r-devel-windows-x86_64 1.3.1 24.00 234.00 258.00 OK
r-devel-windows-x86_64-gcc10-UCRT 1.3.1 OK
r-patched-linux-x86_64 1.3.1 20.89 186.39 207.28 OK
r-patched-solaris-x86 1.3.1 322.20 OK
r-release-linux-x86_64 1.3.1 11.66 185.46 197.12 OK
r-release-macos-arm64 1.3.1 OK
r-release-macos-x86_64 1.3.1 OK
r-release-windows-ix86+x86_64 1.3.1 30.00 234.00 264.00 OK
r-oldrel-macos-x86_64 1.3.1 OK
r-oldrel-windows-ix86+x86_64 1.3.1 34.00 255.00 289.00 OK

Check Details

Version: 1.3.1
Check: Rd cross-references
Result: NOTE
    Undeclared package ‘ForecastCombinations’ in Rd xrefs
Flavor: r-devel-linux-x86_64-fedora-clang