CRAN Package Check Results for Package FunChisq

Last updated on 2021-09-20 04:58:11 CEST.

Flavor Version Tinstall Tcheck Ttotal Status Flags
r-devel-linux-x86_64-debian-clang 2.5.2 63.91 50.81 114.72 OK
r-devel-linux-x86_64-debian-gcc 2.5.2 38.04 38.93 76.97 OK
r-devel-linux-x86_64-fedora-clang 2.5.2 154.51 OK
r-devel-linux-x86_64-fedora-gcc 2.5.2 128.53 OK
r-devel-windows-x86_64 2.5.2 50.00 62.00 112.00 OK
r-devel-windows-x86_64-gcc10-UCRT 2.5.2 ERROR
r-patched-linux-x86_64 2.5.2 47.09 51.43 98.52 OK
r-patched-solaris-x86 2.5.2 135.90 OK
r-release-linux-x86_64 2.5.2 41.93 52.01 93.94 OK
r-release-macos-arm64 2.5.2 OK
r-release-macos-x86_64 2.5.2 OK
r-release-windows-ix86+x86_64 2.5.2 127.00 98.00 225.00 OK
r-oldrel-macos-x86_64 2.5.2 OK
r-oldrel-windows-ix86+x86_64 2.5.2 129.00 100.00 229.00 OK

Check Details

Version: 2.5.2
Check: whether package can be installed
Result: ERROR
    Installation failed.
Flavor: r-devel-windows-x86_64-gcc10-UCRT