CRAN Package Check Results for Package GABi

Last updated on 2021-11-30 03:56:55 CET.

Flavor Version Tinstall Tcheck Ttotal Status Flags
r-devel-linux-x86_64-debian-clang 0.1 2.80 26.89 29.69 NOTE
r-devel-linux-x86_64-debian-gcc 0.1 2.46 21.42 23.88 NOTE
r-devel-linux-x86_64-fedora-clang 0.1 49.39 NOTE
r-devel-linux-x86_64-fedora-gcc 0.1 36.85 NOTE
r-devel-windows-x86_64-new-UL 0.1 7.00 62.00 69.00 NOTE
r-devel-windows-x86_64-new-TK 0.1 NOTE
r-devel-windows-x86_64-old 0.1 5.00 34.00 39.00 NOTE
r-patched-linux-x86_64 0.1 2.88 25.96 28.84 NOTE
r-patched-solaris-x86 0.1 54.30 NOTE
r-release-linux-x86_64 0.1 2.88 26.27 29.15 NOTE
r-release-macos-arm64 0.1 NOTE
r-release-macos-x86_64 0.1 NOTE
r-release-windows-ix86+x86_64 0.1 6.00 31.00 37.00 NOTE
r-oldrel-macos-x86_64 0.1 NOTE
r-oldrel-windows-ix86+x86_64 0.1 5.00 43.00 48.00 NOTE

Check Details

Version: 0.1
Check: package dependencies
Result: NOTE
    Package suggested but not available for checking: 'ArrayBin'
Flavors: r-devel-linux-x86_64-debian-clang, r-devel-linux-x86_64-debian-gcc, r-devel-linux-x86_64-fedora-clang, r-devel-linux-x86_64-fedora-gcc, r-devel-windows-x86_64-new-UL, r-devel-windows-x86_64-new-TK, r-patched-linux-x86_64, r-patched-solaris-x86, r-release-linux-x86_64, r-release-macos-arm64

Version: 0.1
Check: R code for possible problems
Result: NOTE
    crossover: no visible global function definition for 'runif'
    exchangeSols: no visible global function definition for 'runif'
    fps: no visible global function definition for 'runif'
    mutation: no visible global function definition for 'runif'
    plotBicluster: no visible global function definition for 'gray'
    plotBicluster: no visible global function definition for 'heatmap'
    reproduction: no visible global function definition for 'runif'
    Undefined global functions or variables:
     gray heatmap runif
    Consider adding
     importFrom("grDevices", "gray")
     importFrom("stats", "heatmap", "runif")
    to your NAMESPACE file.
Flavors: r-devel-linux-x86_64-debian-clang, r-devel-linux-x86_64-debian-gcc, r-devel-linux-x86_64-fedora-clang, r-devel-linux-x86_64-fedora-gcc, r-devel-windows-x86_64-new-UL, r-devel-windows-x86_64-new-TK, r-devel-windows-x86_64-old, r-patched-linux-x86_64, r-patched-solaris-x86, r-release-linux-x86_64, r-release-macos-arm64, r-release-macos-x86_64, r-release-windows-ix86+x86_64, r-oldrel-macos-x86_64, r-oldrel-windows-ix86+x86_64