CRAN Package Check Results for Package GAS

Last updated on 2021-09-23 10:53:24 CEST.

Flavor Version Tinstall Tcheck Ttotal Status Flags
r-devel-linux-x86_64-debian-clang 0.3.3 472.04 86.59 558.63 OK
r-devel-linux-x86_64-debian-gcc 0.3.3 295.21 63.92 359.13 OK
r-devel-linux-x86_64-fedora-clang 0.3.3 795.98 NOTE
r-devel-linux-x86_64-fedora-gcc 0.3.3 706.15 OK
r-devel-windows-x86_64 0.3.3 425.00 97.00 522.00 OK
r-devel-windows-x86_64-gcc10-UCRT 0.3.3 ERROR
r-patched-linux-x86_64 0.3.3 378.59 83.20 461.79 OK
r-patched-solaris-x86 0.3.3 630.70 OK
r-release-linux-x86_64 0.3.3 368.11 83.38 451.49 OK
r-release-macos-arm64 0.3.3 NOTE
r-release-macos-x86_64 0.3.3 NOTE
r-release-windows-ix86+x86_64 0.3.3 1095.00 175.00 1270.00 NOTE
r-oldrel-macos-x86_64 0.3.3 NOTE
r-oldrel-windows-ix86+x86_64 0.3.3 794.00 140.00 934.00 NOTE

Check Details

Version: 0.3.3
Check: installed package size
Result: NOTE
     installed size is 10.3Mb
     sub-directories of 1Mb or more:
     data 1.4Mb
     libs 8.2Mb
Flavors: r-devel-linux-x86_64-fedora-clang, r-release-macos-arm64, r-release-macos-x86_64, r-release-windows-ix86+x86_64, r-oldrel-macos-x86_64, r-oldrel-windows-ix86+x86_64

Version: 0.3.3
Check: whether package can be installed
Result: ERROR
    Installation failed.
Flavor: r-devel-windows-x86_64-gcc10-UCRT