CRAN Package Check Results for Package GDINA

Last updated on 2024-06-12 22:56:25 CEST.

Flavor Version Tinstall Tcheck Ttotal Status Flags
r-devel-linux-x86_64-debian-clang 2.9.4 278.42 134.38 412.80 NOTE
r-devel-linux-x86_64-debian-gcc 2.9.4 0.50 1.88 2.38 ERROR
r-devel-linux-x86_64-fedora-clang 2.9.4 575.15 NOTE
r-devel-linux-x86_64-fedora-gcc 2.9.4 608.91 NOTE
r-devel-windows-x86_64 2.9.4 205.00 143.00 348.00 NOTE
r-patched-linux-x86_64 2.9.4 166.27 124.83 291.10 NOTE
r-release-linux-x86_64 2.9.4 171.54 126.58 298.12 NOTE
r-release-macos-arm64 2.9.4 113.00 NOTE
r-release-macos-x86_64 2.9.4 133.00 NOTE
r-release-windows-x86_64 2.9.4 202.00 152.00 354.00 NOTE
r-oldrel-macos-arm64 2.9.4 103.00 NOTE
r-oldrel-macos-x86_64 2.9.4 181.00 NOTE
r-oldrel-windows-x86_64 2.9.4 258.00 168.00 426.00 OK

Check Details

Version: 2.9.4
Check: Rd files
Result: NOTE checkRd: (-1) GMSCDM.Rd:25: Lost braces; missing escapes or markup? 25 | representing restricted GMS-DINA and GMS-DINO models where delta_{jm1} are equal for all strategies. Note that only a single model can be used | ^ Flavors: r-devel-linux-x86_64-debian-clang, r-devel-linux-x86_64-fedora-clang, r-devel-linux-x86_64-fedora-gcc, r-devel-windows-x86_64, r-patched-linux-x86_64, r-release-linux-x86_64, r-release-macos-arm64, r-release-macos-x86_64, r-release-windows-x86_64

Version: 2.9.4
Check: package dependencies
Result: ERROR Packages required but not available: 'ggplot2', 'nloptr' Packages suggested but not available for checking: 'cdmTools', 'testthat', 'stringr' See section ‘The DESCRIPTION file’ in the ‘Writing R Extensions’ manual. Flavor: r-devel-linux-x86_64-debian-gcc

Version: 2.9.4
Check: installed package size
Result: NOTE installed size is 12.9Mb sub-directories of 1Mb or more: libs 11.9Mb Flavors: r-release-macos-arm64, r-release-macos-x86_64, r-oldrel-macos-arm64, r-oldrel-macos-x86_64

Version: 2.9.4
Check: R code for possible problems
Result: NOTE Mingw-w64 runtime failure: VirtualProtect failed with code 0x5af Flavor: r-release-windows-x86_64