CRAN Package Check Results for Package GENEAclassify

Last updated on 2022-01-24 03:51:31 CET.

Flavor Version Tinstall Tcheck Ttotal Status Flags
r-devel-linux-x86_64-debian-clang 1.5.2 6.77 55.26 62.03 OK
r-devel-linux-x86_64-debian-gcc 1.5.2 4.35 43.87 48.22 OK
r-devel-linux-x86_64-fedora-clang 1.5.2 76.27 NOTE
r-devel-linux-x86_64-fedora-gcc 1.5.2 64.49 OK
r-devel-windows-x86_64-new-UL 1.5.2 96.00 87.00 183.00 OK
r-devel-windows-x86_64-new-TK 1.5.2 OK
r-patched-linux-x86_64 1.5.2 7.41 53.26 60.67 OK
r-release-linux-x86_64 1.5.2 6.23 52.66 58.89 OK
r-release-macos-arm64 1.5.2 OK
r-release-macos-x86_64 1.5.2 OK
r-release-windows-ix86+x86_64 1.5.2 14.00 70.00 84.00 OK
r-oldrel-macos-x86_64 1.5.2 OK
r-oldrel-windows-ix86+x86_64 1.5.2 14.00 71.00 85.00 OK

Check Details

Version: 1.5.2
Check: Rd cross-references
Result: NOTE
    Undeclared package ‘mmap’ in Rd xrefs
Flavor: r-devel-linux-x86_64-fedora-clang