CRAN Package Check Results for Package GLMpack

Last updated on 2021-09-16 16:50:15 CEST.

Flavor Version Tinstall Tcheck Ttotal Status Flags
r-devel-linux-x86_64-debian-clang 0.1.0 2.35 38.55 40.90 OK
r-devel-linux-x86_64-debian-gcc 0.1.0 2.01 29.07 31.08 OK
r-devel-linux-x86_64-fedora-clang 0.1.0 57.82 NOTE
r-devel-linux-x86_64-fedora-gcc 0.1.0 46.29 NOTE
r-devel-windows-x86_64 0.1.0 12.00 46.00 58.00 OK
r-devel-windows-x86_64-gcc10-UCRT 0.1.0 NOTE
r-patched-linux-x86_64 0.1.0 2.74 37.34 40.08 OK
r-patched-solaris-x86 0.1.0 73.80 NOTE
r-release-linux-x86_64 0.1.0 2.59 37.40 39.99 OK
r-release-macos-arm64 0.1.0 NOTE
r-release-macos-x86_64 0.1.0 NOTE
r-release-windows-ix86+x86_64 0.1.0 8.00 67.00 75.00 OK
r-oldrel-macos-x86_64 0.1.0 NOTE
r-oldrel-windows-ix86+x86_64 0.1.0 28.00 60.00 88.00 OK

Check Details

Version: 0.1.0
Check: dependencies in R code
Result: NOTE
    Namespaces in Imports field not imported from:
     ‘AER’ ‘MASS’ ‘Matrix’ ‘censReg’ ‘effects’ ‘foreign’ ‘lme4’ ‘lmtest’
     ‘nnet’ ‘pBrackets’ ‘plm’ ‘pscl’ ‘sandwich’
     All declared Imports should be used.
Flavors: r-devel-linux-x86_64-fedora-clang, r-devel-linux-x86_64-fedora-gcc, r-devel-windows-x86_64-gcc10-UCRT, r-patched-solaris-x86, r-release-macos-arm64, r-release-macos-x86_64, r-oldrel-macos-x86_64