CRAN Package Check Results for Package GLMsData

Last updated on 2024-04-23 10:54:04 CEST.

Flavor Version Tinstall Tcheck Ttotal Status Flags
r-devel-linux-x86_64-debian-clang 1.4 2.84 64.54 67.38 NOTE
r-devel-linux-x86_64-debian-gcc 1.4 2.35 49.93 52.28 NOTE
r-devel-linux-x86_64-fedora-clang 1.4 86.25 NOTE
r-devel-linux-x86_64-fedora-gcc 1.4 84.43 NOTE
r-prerel-macos-arm64 1.4 33.00 NOTE
r-prerel-windows-x86_64 1.4 5.00 94.00 99.00 NOTE
r-patched-linux-x86_64 1.4 5.48 63.59 69.07 NOTE
r-release-linux-x86_64 1.4 2.88 64.50 67.38 OK
r-release-macos-arm64 1.4 39.00 OK
r-release-macos-x86_64 1.4 50.00 OK
r-release-windows-x86_64 1.4 6.00 107.00 113.00 OK
r-oldrel-macos-arm64 1.4 34.00 OK
r-oldrel-windows-x86_64 1.4 60.00 125.00 185.00 OK

Check Details

Version: 1.4
Check: Rd files
Result: NOTE checkRd: (-1) ccancer.Rd:16: Lost braces 16 | a factor with levels either \\code{F} (female) or code{M} (male)} | ^ checkRd: (-1) ccancer.Rd:16: Lost braces 16 | a factor with levels either \\code{F} (female) or code{M} (male)} | ^ checkRd: (-1) galapagos.Rd:4: Lost braces 4 | \title{{Gal\'{a}pagos} Island species data} | ^ checkRd: (-1) galapagos.Rd:6: Lost braces 6 | The number of species on the {Gal\'{a}pagos} Islands | ^ checkRd: (-1) galapagos.Rd:6: Lost braces 6 | The number of species on the {Gal\'{a}pagos} Islands | ^ checkRd: (-1) galapagos.Rd:40: Lost braces 40 | {Gal\'{a}pagos} (the endemics). | ^ checkRd: (-1) galapagos.Rd:40: Lost braces 40 | {Gal\'{a}pagos} (the endemics). | ^ checkRd: (-1) galapagos.Rd:44: Lost braces 44 | Species number and endemism: The {Gal\'{a}pagos} Archipelago revisited. | ^ Flavors: r-devel-linux-x86_64-debian-clang, r-devel-linux-x86_64-debian-gcc, r-devel-linux-x86_64-fedora-clang, r-devel-linux-x86_64-fedora-gcc, r-prerel-macos-arm64, r-prerel-windows-x86_64, r-patched-linux-x86_64