CRAN Package Check Results for Package GPCMlasso

Last updated on 2021-09-24 19:49:39 CEST.

Flavor Version Tinstall Tcheck Ttotal Status Flags
r-devel-linux-x86_64-debian-clang 0.1-5 65.53 199.69 265.22 OK
r-devel-linux-x86_64-debian-gcc 0.1-5 40.64 139.41 180.05 OK
r-devel-linux-x86_64-fedora-clang 0.1-5 336.26 OK
r-devel-linux-x86_64-fedora-gcc 0.1-5 299.39 OK
r-devel-windows-x86_64 0.1-5 55.00 159.00 214.00 OK
r-devel-windows-x86_64-gcc10-UCRT 0.1-5 OK
r-patched-linux-x86_64 0.1-5 53.95 178.45 232.40 OK
r-patched-solaris-x86 0.1-5 619.00 OK
r-release-linux-x86_64 0.1-5 51.22 178.84 230.06 OK
r-release-macos-arm64 0.1-5 NOTE
r-release-macos-x86_64 0.1-5 OK
r-release-windows-ix86+x86_64 0.1-5 135.00 304.00 439.00 OK
r-oldrel-macos-x86_64 0.1-5 OK
r-oldrel-windows-ix86+x86_64 0.1-5 90.00 239.00 329.00 OK

Check Details

Version: 0.1-5
Check: installed package size
Result: NOTE
     installed size is 5.2Mb
     sub-directories of 1Mb or more:
     libs 5.0Mb
Flavor: r-release-macos-arm64