CRAN Package Check Results for Package GPrank

Last updated on 2021-08-01 10:51:15 CEST.

Flavor Version Tinstall Tcheck Ttotal Status Flags
r-devel-linux-x86_64-debian-clang 0.1.4 13.63 151.73 165.36 NOTE
r-devel-linux-x86_64-debian-gcc 0.1.4 10.52 111.18 121.70 NOTE
r-devel-linux-x86_64-fedora-clang 0.1.4 204.33 NOTE
r-devel-linux-x86_64-fedora-gcc 0.1.4 188.32 NOTE
r-devel-windows-x86_64 0.1.4 32.00 176.00 208.00 OK
r-devel-windows-x86_64-gcc10-UCRT 0.1.4 OK
r-patched-linux-x86_64 0.1.4 NOTE
r-patched-solaris-x86 0.1.4 248.10 NOTE
r-release-linux-x86_64 0.1.4 9.88 139.85 149.73 NOTE
r-release-macos-arm64 0.1.4 OK
r-release-macos-x86_64 0.1.4 OK
r-release-windows-ix86+x86_64 0.1.4 29.00 180.00 209.00 OK
r-oldrel-macos-x86_64 0.1.4 OK
r-oldrel-windows-ix86+x86_64 0.1.4 34.00 184.00 218.00 OK

Check Details

Version: 0.1.4
Check: for non-standard things in the check directory
Result: NOTE
    Found the following files/directories:
     'geneA_GPprofile.pdf' 'geneA_abstr.png' 'geneA_gene.png'
     'geneA_reltr.png' 'geneB_abstr.png' 'geneB_gene.png'
     'geneB_reltr.png' 'geneC_abstr.png' 'geneC_gene.png'
     'geneC_reltr.png' 'testdb.sqlite'
Flavors: r-devel-linux-x86_64-debian-clang, r-devel-linux-x86_64-debian-gcc, r-devel-linux-x86_64-fedora-clang, r-devel-linux-x86_64-fedora-gcc, r-patched-linux-x86_64, r-patched-solaris-x86, r-release-linux-x86_64