CRAN Package Check Results for Package GRANBase

Last updated on 2021-09-26 04:50:32 CEST.

Flavor Version Tinstall Tcheck Ttotal Status Flags
r-devel-linux-x86_64-debian-clang 2.6.20 11.08 85.84 96.92 OK
r-devel-linux-x86_64-debian-gcc 2.6.20 7.93 63.81 71.74 OK
r-devel-linux-x86_64-fedora-clang 2.6.20 120.18 OK
r-devel-linux-x86_64-fedora-gcc 2.6.20 106.82 OK
r-devel-windows-x86_64 2.6.20 11.00 81.00 92.00 OK
r-devel-windows-x86_64-gcc10-UCRT 0.10.0 OK
r-patched-linux-x86_64 2.6.20 14.34 198.62 212.96 OK
r-patched-solaris-x86 2.6.20 168.40 OK
r-release-linux-x86_64 2.6.20 10.13 194.93 205.06 OK
r-release-macos-arm64 2.6.20 NOTE
r-release-macos-x86_64 2.6.20 OK
r-release-windows-ix86+x86_64 2.6.20 23.00 193.00 216.00 OK
r-oldrel-macos-x86_64 2.6.20 OK
r-oldrel-windows-ix86+x86_64 2.6.20 20.00 149.00 169.00 OK

Check Details

Version: 2.6.20
Check: package dependencies
Result: NOTE
    Package suggested but not available for checking: ‘hexSticker’
Flavor: r-release-macos-arm64