CRAN Package Check Results for Package GSODR

Last updated on 2021-09-20 01:48:43 CEST.

Flavor Version Tinstall Tcheck Ttotal Status Flags
r-devel-linux-x86_64-debian-clang 3.1.2 3.79 37.46 41.25 OK
r-devel-linux-x86_64-debian-gcc 3.1.2 2.79 28.48 31.27 OK
r-devel-linux-x86_64-fedora-clang 3.1.2 57.53 OK
r-devel-linux-x86_64-fedora-gcc 3.1.2 46.67 OK
r-devel-windows-x86_64 3.1.2 4.00 44.00 48.00 OK
r-devel-windows-x86_64-gcc10-UCRT 3.1.2 ERROR
r-patched-linux-x86_64 3.1.2 3.81 35.21 39.02 OK
r-patched-solaris-x86 3.1.2 71.20 OK
r-release-linux-x86_64 3.1.2 3.69 35.59 39.28 OK
r-release-macos-arm64 3.1.2 OK
r-release-macos-x86_64 3.1.2 OK
r-release-windows-ix86+x86_64 3.1.2 7.00 57.00 64.00 OK
r-oldrel-macos-x86_64 3.1.2 OK
r-oldrel-windows-ix86+x86_64 3.1.2 7.00 58.00 65.00 OK

Check Details

Version: 3.1.2
Check: whether package can be installed
Result: WARN
    Found the following significant warnings:
     WARNING: installation-time patches will not be applied, could not get the patches index
Flavor: r-devel-windows-x86_64-gcc10-UCRT

Version: 3.1.2
Check: PDF version of manual
Result: WARN
    LaTeX errors when creating PDF version.
    This typically indicates Rd problems.
Flavor: r-devel-windows-x86_64-gcc10-UCRT

Version: 3.1.2
Check: PDF version of manual without hyperrefs or index
Result: ERROR
    Re-running with no redirection of stdout/stderr.
Flavor: r-devel-windows-x86_64-gcc10-UCRT