CRAN Package Check Results for Package GenEst

Last updated on 2021-09-22 10:51:34 CEST.

Flavor Version Tinstall Tcheck Ttotal Status Flags
r-devel-linux-x86_64-debian-clang 1.4.6 40.31 244.28 284.59 OK
r-devel-linux-x86_64-debian-gcc 1.4.6 30.94 175.24 206.18 OK
r-devel-linux-x86_64-fedora-clang 1.4.6 353.05 NOTE
r-devel-linux-x86_64-fedora-gcc 1.4.6 334.63 NOTE
r-devel-windows-x86_64 1.4.6 40.00 235.00 275.00 OK
r-devel-windows-x86_64-gcc10-UCRT 1.4.6 ERROR
r-patched-linux-x86_64 1.4.6 37.85 242.08 279.93 OK
r-patched-solaris-x86 1.4.6 285.00 NOTE
r-release-linux-x86_64 1.4.6 31.87 237.95 269.82 OK
r-release-macos-arm64 1.4.6 NOTE
r-release-macos-x86_64 1.4.6 NOTE
r-release-windows-ix86+x86_64 1.4.6 79.00 350.00 429.00 OK
r-oldrel-macos-x86_64 1.4.6 NOTE
r-oldrel-windows-ix86+x86_64 1.4.6 61.00 280.00 341.00 OK

Check Details

Version: 1.4.6
Check: dependencies in R code
Result: NOTE
    Namespace in Imports field not imported from: ‘htmlwidgets’
     All declared Imports should be used.
Flavors: r-devel-linux-x86_64-fedora-clang, r-devel-linux-x86_64-fedora-gcc, r-patched-solaris-x86, r-release-macos-arm64, r-release-macos-x86_64, r-oldrel-macos-x86_64

Version: 1.4.6
Check: package dependencies
Result: NOTE
    Package suggested but not available for checking: 'shinytest'
Flavor: r-devel-windows-x86_64-gcc10-UCRT

Version: 1.4.6
Check: whether package can be installed
Result: ERROR
    Installation failed.
Flavor: r-devel-windows-x86_64-gcc10-UCRT