CRAN Package Check Results for Package GeneralizedUmatrix

Last updated on 2021-09-23 13:54:44 CEST.

Flavor Version Tinstall Tcheck Ttotal Status Flags
r-devel-linux-x86_64-debian-clang 1.2.2 58.73 122.20 180.93 OK
r-devel-linux-x86_64-debian-gcc 1.2.2 36.86 86.72 123.58 OK
r-devel-linux-x86_64-fedora-clang 1.2.2 243.24 OK
r-devel-linux-x86_64-fedora-gcc 1.2.2 227.67 OK
r-devel-windows-x86_64 1.2.2 51.00 122.00 173.00 OK
r-devel-windows-x86_64-gcc10-UCRT 1.2.2 ERROR
r-patched-linux-x86_64 1.2.2 45.25 118.00 163.25 OK
r-patched-solaris-x86 1.2.2 221.90 OK
r-release-linux-x86_64 1.2.2 45.40 119.10 164.50 OK
r-release-macos-arm64 1.2.2 OK
r-release-macos-x86_64 1.2.2 OK
r-release-windows-ix86+x86_64 1.2.2 132.00 198.00 330.00 OK
r-oldrel-macos-x86_64 1.2.2 OK
r-oldrel-windows-ix86+x86_64 1.2.2 97.00 156.00 253.00 OK

Check Details

Version: 1.2.2
Check: package dependencies
Result: NOTE
    Packages suggested but not available for checking: 'rgl', 'png'
Flavor: r-devel-windows-x86_64-gcc10-UCRT

Version: 1.2.2
Check: whether package can be installed
Result: ERROR
    Installation failed.
Flavor: r-devel-windows-x86_64-gcc10-UCRT