CRAN Package Check Results for Package GetTDData

Last updated on 2021-09-23 01:49:37 CEST.

Flavor Version Tinstall Tcheck Ttotal Status Flags
r-devel-linux-x86_64-debian-clang 1.4.2 2.73 40.59 43.32 NOTE
r-devel-linux-x86_64-debian-gcc 1.4.2 2.15 30.46 32.61 NOTE
r-devel-linux-x86_64-fedora-clang 1.4.2 59.72 NOTE
r-devel-linux-x86_64-fedora-gcc 1.4.2 49.05 NOTE
r-devel-windows-x86_64 1.4.2 4.00 47.00 51.00 NOTE
r-devel-windows-x86_64-gcc10-UCRT 1.4.2 ERROR
r-patched-linux-x86_64 1.4.2 2.39 39.60 41.99 NOTE
r-patched-solaris-x86 1.4.2 66.30 NOTE
r-release-linux-x86_64 1.4.2 1.71 39.84 41.55 NOTE
r-release-macos-arm64 1.4.2 NOTE
r-release-macos-x86_64 1.4.2 NOTE
r-release-windows-ix86+x86_64 1.4.2 7.00 60.00 67.00 NOTE
r-oldrel-macos-x86_64 1.4.2 NOTE
r-oldrel-windows-ix86+x86_64 1.4.2 5.00 43.00 48.00 OK

Check Details

Version: 1.4.2
Check: LazyData
Result: NOTE
     'LazyData' is specified without a 'data' directory
Flavors: r-devel-linux-x86_64-debian-clang, r-devel-linux-x86_64-debian-gcc, r-devel-linux-x86_64-fedora-clang, r-devel-linux-x86_64-fedora-gcc, r-devel-windows-x86_64, r-patched-linux-x86_64, r-patched-solaris-x86, r-release-linux-x86_64, r-release-macos-arm64, r-release-macos-x86_64, r-release-windows-ix86+x86_64

Version: 1.4.2
Check: dependencies in R code
Result: NOTE
    Namespace in Imports field not imported from: ‘XML’
     All declared Imports should be used.
Flavors: r-devel-linux-x86_64-fedora-clang, r-devel-linux-x86_64-fedora-gcc, r-patched-solaris-x86, r-release-macos-arm64, r-release-macos-x86_64, r-oldrel-macos-x86_64

Version: 1.4.2
Check: package dependencies
Result: ERROR
    Packages required but not available: 'XML', 'rvest', 'xml2'
    
    See section 'The DESCRIPTION file' in the 'Writing R Extensions'
    manual.
Flavor: r-devel-windows-x86_64-gcc10-UCRT