CRAN Package Check Results for Package GiniDecompLY

Last updated on 2024-06-13 04:52:26 CEST.

Flavor Version Tinstall Tcheck Ttotal Status Flags
r-devel-linux-x86_64-debian-clang 1.0.0 5.08 50.12 55.20 NOTE
r-devel-linux-x86_64-debian-gcc 1.0.0 0.35 1.68 2.03 ERROR
r-devel-linux-x86_64-fedora-clang 1.0.0 69.00 NOTE
r-devel-linux-x86_64-fedora-gcc 1.0.0 78.03 NOTE
r-devel-windows-x86_64 1.0.0 6.00 58.00 64.00 NOTE
r-patched-linux-x86_64 1.0.0 5.53 47.51 53.04 NOTE
r-release-linux-x86_64 1.0.0 3.26 47.79 51.05 NOTE
r-release-macos-arm64 1.0.0 31.00 OK
r-release-macos-x86_64 1.0.0 47.00 OK
r-release-windows-x86_64 1.0.0 6.00 59.00 65.00 NOTE
r-oldrel-macos-arm64 1.0.0 37.00 OK
r-oldrel-macos-x86_64 1.0.0 70.00 OK
r-oldrel-windows-x86_64 1.0.0 7.00 66.00 73.00 OK

Check Details

Version: 1.0.0
Check: HTML version of manual
Result: NOTE Found the following HTML validation problems: sample_income_data.html:37:1 (sample_income_data.Rd:8): Warning: trimming empty <h4> Flavors: r-devel-linux-x86_64-debian-clang, r-devel-linux-x86_64-fedora-clang, r-devel-linux-x86_64-fedora-gcc, r-devel-windows-x86_64, r-patched-linux-x86_64, r-release-linux-x86_64, r-release-windows-x86_64

Version: 1.0.0
Check: package dependencies
Result: ERROR Packages required but not available: 'dplyr', 'tidyr' Package suggested but not available for checking: ‘testthat’ See section ‘The DESCRIPTION file’ in the ‘Writing R Extensions’ manual. Flavor: r-devel-linux-x86_64-debian-gcc