CRAN Package Check Results for Package HDPenReg

Last updated on 2021-09-28 01:49:25 CEST.

Flavor Version Tinstall Tcheck Ttotal Status Flags
r-devel-linux-x86_64-debian-clang 0.94.7 363.16 101.83 464.99 OK
r-devel-linux-x86_64-debian-gcc 0.94.7 258.98 78.76 337.74 OK
r-devel-linux-x86_64-fedora-clang 0.94.7 567.67 NOTE
r-devel-linux-x86_64-fedora-gcc 0.94.7 661.04 OK
r-devel-windows-x86_64 0.94.7 264.00 101.00 365.00 OK
r-devel-windows-x86_64-gcc10-UCRT 0.94.7 OK
r-patched-linux-x86_64 0.94.7 306.66 97.55 404.21 OK
r-patched-solaris-x86 0.94.7 518.30 OK
r-release-linux-x86_64 0.94.7 298.12 99.52 397.64 OK
r-release-macos-arm64 0.94.7 NOTE
r-release-macos-x86_64 0.94.7 NOTE
r-release-windows-ix86+x86_64 0.94.7 741.00 174.00 915.00 OK
r-oldrel-macos-x86_64 0.94.7 NOTE
r-oldrel-windows-ix86+x86_64 0.94.7 593.00 143.00 736.00 OK

Check Details

Version: 0.94.7
Check: installed package size
Result: NOTE
     installed size is 17.0Mb
     sub-directories of 1Mb or more:
     libs 16.6Mb
Flavors: r-devel-linux-x86_64-fedora-clang, r-release-macos-arm64, r-release-macos-x86_64, r-oldrel-macos-x86_64