CRAN Package Check Results for Package HSAUR3

Last updated on 2021-10-26 16:49:36 CEST.

Flavor Version Tinstall Tcheck Ttotal Status Flags
r-devel-linux-x86_64-debian-clang 1.0-12 4.19 217.48 221.67 OK
r-devel-linux-x86_64-debian-gcc 1.0-12 3.28 170.02 173.30 OK
r-devel-linux-x86_64-fedora-clang 1.0-12 333.32 OK
r-devel-linux-x86_64-fedora-gcc 1.0-12 316.47 OK
r-devel-windows-x86_64 1.0-12 5.00 48.00 53.00 OK --no-vignettes
r-devel-windows-x86_64-gcc10-UCRT 1.0-12 OK
r-patched-linux-x86_64 1.0-12 4.76 220.57 225.33 OK
r-patched-solaris-x86 1.0-12 515.50 NOTE
r-release-linux-x86_64 1.0-12 4.05 220.59 224.64 OK
r-release-macos-arm64 1.0-12 OK
r-release-macos-x86_64 1.0-12 OK
r-release-windows-ix86+x86_64 1.0-11 7.00 65.00 72.00 OK --no-vignettes
r-oldrel-macos-x86_64 1.0-12 OK
r-oldrel-windows-ix86+x86_64 1.0-12 6.00 50.00 56.00 OK --no-vignettes

Check Details

Version: 1.0-12
Check: installed package size
Result: NOTE
     installed size is 5.1Mb
     sub-directories of 1Mb or more:
     doc 4.2Mb
Flavor: r-patched-solaris-x86