CRAN Package Check Results for Package HSPOR

Last updated on 2021-11-30 03:56:57 CET.

Flavor Version Tinstall Tcheck Ttotal Status Flags
r-devel-linux-x86_64-debian-clang 1.1.9 12.74 103.71 116.45 NOTE
r-devel-linux-x86_64-debian-gcc 1.1.9 10.47 76.76 87.23 NOTE
r-devel-linux-x86_64-fedora-clang 1.1.9 149.40 NOTE
r-devel-linux-x86_64-fedora-gcc 1.1.9 146.88 NOTE
r-devel-windows-x86_64-new-UL 1.1.9 24.00 136.00 160.00 NOTE
r-devel-windows-x86_64-new-TK 1.1.9 NOTE
r-devel-windows-x86_64-old 1.1.9 22.00 90.00 112.00 NOTE
r-patched-linux-x86_64 1.1.9 14.51 96.86 111.37 NOTE
r-patched-solaris-x86 1.1.9 197.00 NOTE
r-release-linux-x86_64 1.1.9 10.55 96.70 107.25 NOTE
r-release-macos-arm64 1.1.9 NOTE
r-release-macos-x86_64 1.1.9 NOTE
r-release-windows-ix86+x86_64 1.1.9 29.00 91.00 120.00 NOTE
r-oldrel-macos-x86_64 1.1.9 OK
r-oldrel-windows-ix86+x86_64 1.1.9 21.00 91.00 112.00 OK

Check Details

Version: 1.1.9
Check: LazyData
Result: NOTE
     'LazyData' is specified without a 'data' directory
Flavors: r-devel-linux-x86_64-debian-clang, r-devel-linux-x86_64-debian-gcc, r-devel-linux-x86_64-fedora-clang, r-devel-linux-x86_64-fedora-gcc, r-devel-windows-x86_64-new-UL, r-devel-windows-x86_64-new-TK, r-devel-windows-x86_64-old, r-patched-linux-x86_64, r-patched-solaris-x86, r-release-linux-x86_64, r-release-macos-arm64, r-release-macos-x86_64, r-release-windows-ix86+x86_64