CRAN Package Check Results for Package HTSCluster

Last updated on 2021-12-04 06:50:57 CET.

Flavor Version Tinstall Tcheck Ttotal Status Flags
r-devel-linux-x86_64-debian-clang 2.0.8 6.01 61.24 67.25 OK
r-devel-linux-x86_64-debian-gcc 2.0.8 5.15 47.52 52.67 OK
r-devel-linux-x86_64-fedora-clang 2.0.8 87.40 OK
r-devel-linux-x86_64-fedora-gcc 2.0.8 76.95 OK
r-devel-windows-x86_64-new-UL 2.0.8 14.00 97.00 111.00 OK
r-devel-windows-x86_64-new-TK 2.0.8 OK
r-devel-windows-x86_64-old 2.0.8 11.00 59.00 70.00 OK
r-patched-linux-x86_64 2.0.8 7.29 51.42 58.71 OK
r-release-linux-x86_64 2.0.8 6.42 52.10 58.52 OK
r-release-macos-arm64 2.0.8 NOTE
r-release-macos-x86_64 2.0.8 NOTE
r-release-windows-ix86+x86_64 2.0.8 14.00 75.00 89.00 OK
r-oldrel-macos-x86_64 2.0.8 NOTE
r-oldrel-windows-ix86+x86_64 2.0.8 14.00 74.00 88.00 OK

Check Details

Version: 2.0.8
Check: package dependencies
Result: NOTE
    Package suggested but not available for checking: ‘HTSFilter’
Flavors: r-release-macos-arm64, r-release-macos-x86_64, r-oldrel-macos-x86_64