CRAN Package Check Results for Package HextractoR

Last updated on 2021-10-18 19:51:37 CEST.

Flavor Version Tinstall Tcheck Ttotal Status Flags
r-devel-linux-x86_64-debian-clang 1.4 3.32 26.73 30.05 NOTE
r-devel-linux-x86_64-debian-gcc 1.4 2.45 21.01 23.46 NOTE
r-devel-linux-x86_64-fedora-clang 1.4 46.61 NOTE
r-devel-linux-x86_64-fedora-gcc 1.4 35.48 NOTE
r-devel-windows-x86_64 1.4 6.00 41.00 47.00 NOTE
r-devel-windows-x86_64-gcc10-UCRT 1.4 NOTE
r-patched-linux-x86_64 1.4 2.77 25.82 28.59 NOTE
r-patched-solaris-x86 1.4 54.60 NOTE
r-release-linux-x86_64 1.4 3.16 26.11 29.27 NOTE
r-release-macos-arm64 1.4 NOTE
r-release-macos-x86_64 1.4 NOTE
r-release-windows-ix86+x86_64 1.4 5.00 41.00 46.00 NOTE
r-oldrel-macos-x86_64 1.4 OK
r-oldrel-windows-ix86+x86_64 1.4 7.00 42.00 49.00 OK

Check Details

Version: 1.4
Check: LazyData
Result: NOTE
     'LazyData' is specified without a 'data' directory
Flavors: r-devel-linux-x86_64-debian-clang, r-devel-linux-x86_64-debian-gcc, r-devel-linux-x86_64-fedora-clang, r-devel-linux-x86_64-fedora-gcc, r-devel-windows-x86_64, r-devel-windows-x86_64-gcc10-UCRT, r-patched-linux-x86_64, r-patched-solaris-x86, r-release-linux-x86_64, r-release-macos-arm64, r-release-macos-x86_64, r-release-windows-ix86+x86_64